f h and r.
23
Let t(m) be the first derivative of 7*m**3/3 + 34*m**2 - 8*m + 63. Let z be t(-10). Calculate the highest common divisor of z and 60.
12
Let b be (49770/525)/(2/5). Calculate the greatest common divisor of b and 79.
79
Suppose -15*h + 12*h - 75 = 0. Let c = -23 - h. Suppose -3*r + 273 = 5*u - 201, -c*r = 4. What is the highest common factor of 32 and u?
32
Let c be -7*(-9)/14*4. Let u = -197701 + 197926. Calculate the highest common factor of c and u.
9
Suppose 64 = 2*a - 22. Let k = -100 + 43. Let f = a - k. Calculate the highest common factor of 20 and f.
20
Suppose 0*v + 58*v - 4400 = 3*v. Let g be (-10)/(1*(-1)/5). Calculate the greatest common factor of g and v.
10
Let v = -32427 - -36076. Calculate the highest common divisor of v and 205.
41
Let s(n) = 2*n**2 - 77*n - 3617. Let l be s(66). Suppose 5*h - 96 = h + 2*y, -4*y = -16. Let z = h + 13. Calculate the greatest common divisor of z and l.
13
Let v(a) = 10 - a + 2*a + 5 + 4. Let q be v(-14). Suppose -q*z - z + 2064 = 0. What is the highest common divisor of 43 and z?
43
Let j(l) = -2*l**3 + 13*l**2 + 14*l - 35. Let b be j(7). Suppose -4*a - 5*q + 500 = 0, b*a + 375 = 17*a + q. What is the greatest common factor of a and 20?
5
Suppose 4*u + 250 = 5*w, -5*w + u + 301 - 36 = 0. Suppose -4*g + 2*m = -2378, -2*g - 3*m + 6*m + 1191 = 0. What is the greatest common factor of g and w?
54
Suppose -6424 = 185*i - 28624. What is the highest common factor of 6860 and i?
20
Suppose 2*k + 2*k + 20 = 0, 4*v - 43 = -5*k. Suppose 0 = v*b - 20*b + 180. Calculate the highest common divisor of b and 300.
60
Let f(h) = 4*h - 70. Let n be f(18). Suppose 230 - 50 = n*q. Suppose 4 = -6*z + 184. Calculate the greatest common divisor of q and z.
30
Let x be 109/545 - (-2)/(-10)*-129. What is the highest common divisor of 923 and x?
13
Let o be (81/(-6))/(1/(-2)). Let g be 1/(-2) + (55/2)/1. What is the highest common divisor of o and g?
27
Let w = -465 - -373. Let k be (w/(-115))/(1 + 86/(-90)). Calculate the highest common factor of k and 126.
18
Let x(l) = -l**3 + 7*l**2 + 12*l - 14. Suppose 22 - 167 = -5*j. Let a = 37 - j. Let w be x(a). What is the highest common divisor of 63 and w?
9
Suppose 27 = -3*q + 6, 2*a + 3*q = 63. Suppose -t - 2*t + 336 = 0. What is the highest common factor of a and t?
14
Let a = -41 - -44. Let o = -23 - -24. Let m be 8 + -3 - (3 - o). Calculate the highest common factor of a and m.
3
Let f = -207108 + 207129. Let j = 14 + 28. Let b be (-7 + 2)*j/(-5). Calculate the greatest common factor of b and f.
21
Let v be (1/10)/(242/29040). Let y = -2 - 2. Let j be (-2180)/(-14) + y/(-14). Calculate the greatest common factor of j and v.
12
Let w = 13917 + -10917. Calculate the greatest common divisor of w and 450.
150
Let c = 4204 + -3354. What is the greatest common divisor of c and 4930?
170
Suppose -2*n = -38 + 16. Let t(z) = z**2 + z - 83. Let b = -168 - -181. Let v be t(b). What is the highest common divisor of v and n?
11
Let h be ((-80)/(-96) + (-2)/(-12))*381. Let u = -281 + h. Calculate the highest common factor of u and 40.
20
Let d = -5328 + 8344. Calculate the greatest common factor of d and 174.
58
Suppose -742 = -13*b + 1754. Let u = -4 + 7. Suppose u*r - 32 = 40. What is the highest common divisor of r and b?
24
Let o(j) = 65*j**2 + 60*j + 468. Let x be o(-8). Calculate the greatest common factor of 68 and x.
68
Let q be (4/3)/(3/9). Suppose -9*g = 6*g - 8*g - 7. Suppose -2*h + g + 19 = 2*a, q*a = -3*h + 37. Calculate the greatest common divisor of a and 49.
7
Suppose 3*h = 2*h + z + 11, 0 = 2*z. Suppose -94 = -5*o + h. Suppose 12*n - 11*n = o. What is the greatest common divisor of 231 and n?
21
Let y = -64 + 96. Let l(q) = 60*q - 1748. Let x be l(35). Calculate the greatest common divisor of y and x.
32
Let z = -5 - -11. Suppose -5*p + 13 = -z*f + 3*f, 0 = p + 2*f - 13. What is the highest common factor of p and 135?
5
Let q be 1/(-1) + 1 - -7. Let f(d) = -3*d**2 - 6 + 1 + 3*d**3 + 2*d + 3. Let j be f(2). What is the highest common factor of j and q?
7
Let d = 82 + -88. Let p be (9/d)/(6/(-68)). What is the highest common factor of p and 187?
17
Let u(h) = 21*h - 375. Let p be u(20). Suppose 4*a - 1970 = -2*d, -6*a - 3*d + 2460 = -a. What is the highest common divisor of p and a?
45
Suppose -12*z - 184 - 3152 = 0. Let h be z/(-2) - (-32)/32. What is the highest common factor of 224 and h?
28
Let n(k) = -k**3 - 28*k**2 - 53*k - 23. Let b be n(-26). Let f be 4/5*-1*5. Let o be (4 - b) + (f - -4). What is the highest common factor of 3 and o?
1
Let r(t) = -t**2 - 9*t - 6. Let i be r(-6). Let a be (855/(-38) - -21)*(0 + 32/(-3)). What is the greatest common divisor of a and i?
4
Let p = 4687 + -4273. Calculate the greatest common factor of 630 and p.
18
Suppose -1050*d + 1025*d = -6825. Calculate the highest common factor of 63 and d.
21
Let n(u) = u - 1. Let j(h) = 4*h**2 - 12. Let t(z) = j(z) - 20*n(z). Let w be t(6). What is the highest common divisor of 352 and w?
32
Let j(x) = -x**2 - 12*x - 5. Let q be (1 + 11)/((-6)/4). Let n be j(q). Calculate the highest common factor of 999 and n.
27
Suppose a + 1308 = 3*t, -2*t + 4*t - 2*a = 880. Suppose 0 = 4*x + 163 + 601. Let b = x + t. What is the highest common factor of 27 and b?
27
Let y = -124 - -138. Let l = 58 - 37. What is the highest common factor of y and l?
7
Suppose 13*b = 97 + 6871. What is the greatest common divisor of b and 104?
8
Suppose 3*i = 2*d + 2*d - 5, 3*d = 4*i + 2. Suppose 0 = 5*s - 71 + i. Let t be (-77)/((-2)/(-4) - 1). What is the highest common factor of s and t?
14
Let g(y) = 12*y**2 - 5*y + 1. Let f(d) = 13*d**2 - 5*d + 3. Let k(b) = -5*f(b) + 6*g(b). Let v be k(7). What is the greatest common divisor of v and 13?
13
Suppose -v = 4*v - 280. Let m = -178489 - -178505. Calculate the highest common divisor of m and v.
8
Let v be (-6 + 6)/6 + 0. Suppose v = 6*t - 18 - 42. Calculate the greatest common divisor of 8 and t.
2
Let o be 7 - 1 - (8/(-1))/(-2). Suppose o*i - 2 = 5*r, -i + 4*i + 2*r = 22. Let f be 99/i + 18/(-12). What is the greatest common factor of 3 and f?
3
Let d be (-20)/(-25)*15/2. Suppose -3*y - 42 = -3*b - d, b + 5*y = 24. Calculate the highest common divisor of b and 938.
14
Let v = -123324 - -123330. Let y be (-134)/(-3) + 6/(-9). Let a be (-4)/14 + y/7. Calculate the greatest common factor of v and a.
6
Let f(x) = -6*x + 307. Let r be f(-6). Let b(c) = c**2 - 3*c - 3. Let z be b(5). What is the greatest common divisor of r and z?
7
Let t = 2 - -544. What is the highest common divisor of 156 and t?
78
Let k be -3*(3 + 93/(-9)). Let b = 2821 - 2744. Calculate the highest common factor of k and b.
11
Suppose 5*j = y + 3216, 4 = 4*y - 12. Let r = -351 + j. Let w = r + -194. Calculate the highest common divisor of 9 and w.
9
Suppose -u - 3*p = 56 - 300, 0 = 3*u - 4*p - 771. Calculate the highest common divisor of 66 and u.
11
Suppose -78*t + 77*t - 128 = 0. Let f = t - -132. Suppose -f*n = -3*z + 26, 0*n + 3*n - 12 = -3*z. What is the greatest common factor of z and 24?
6
Suppose -412 = 6*m - 3262. What is the highest common divisor of 57 and m?
19
Let g(n) = -n**2 + 26*n - 77. Suppose -57*f = -59*f + 44. Let z be g(f). Suppose -3*m + 22 = -143. What is the greatest common divisor of z and m?
11
Let l(s) = 2*s**3 - 4*s**2 + 9*s - 25. Let n be l(3). Suppose -n*v + 26*v - 4848 = 0. What is the greatest common divisor of v and 8?
8
Let v(b) = 4*b**2 - 11*b + 27. Let m be v(-9). Calculate the greatest common divisor of m and 576.
18
Let b = -57 + 105. Let l = 53 - b. Suppose l*h - f - 103 = -2, 2*h - 37 = -3*f. Calculate the greatest common factor of 60 and h.
20
Suppose -5*p + 0 = -25. Suppose 4*l + 5*v = -1463, l - p*l + 5*v - 1513 = 0. Let k = l + 647. What is the highest common divisor of k and 25?
25
Suppose -1077824 = -448*m + 1008064. What is the highest common divisor of m and 96?
48
Suppose -2*d = 4*p + 8, -5*p + 26*d + 35 = 21*d. What is the greatest common factor of 1195 and p?
1
Let n(l) = l**2 + 56 + 87 + 30*l - 2*l**2 - 212. Let v be n(25). Calculate the greatest common factor of v and 16.
8
Let i be -2 - (-7 + -1179)/(-2). Let w = -592 - i. Let m be 4/((-8)/(-66))*1. What is the greatest common factor of m and w?
3
Let p be (44/44)/((6/8)/(-3)). Let n be